{"id":7,"date":"2024-01-18T21:31:03","date_gmt":"2024-01-18T20:31:03","guid":{"rendered":"http:\/\/theaterrunde.bplaced.net\/wordpress\/?page_id=7"},"modified":"2026-01-21T16:51:18","modified_gmt":"2026-01-21T15:51:18","slug":"aktuelles","status":"publish","type":"page","link":"https:\/\/www.pfarre-stgeorgen.at\/theaterrunde\/","title":{"rendered":"Startseite"},"content":{"rendered":"\n<h2 class=\"wp-block-heading alignwide has-text-align-center has-text-align-wide has-white-color has-text-color has-link-color has-large-font-size wp-elements-029991e109fbd9737dcc042635458233\" style=\"line-height:1\"><strong>Die Theaterrunde St. Georgen spielt 2026 f\u00fcr Sie:<\/strong><\/h2>\n\n\n\n<figure class=\"wp-block-image size-large is-resized\"><img loading=\"lazy\" decoding=\"async\" width=\"726\" height=\"1024\" src=\"https:\/\/www.pfarre-stgeorgen.at\/theaterrunde\/wp-content\/uploads\/2026\/01\/Theater2026_Logo-726x1024.webp\" alt=\"Tante Jutta aus Kalkutta\" class=\"wp-image-374\" style=\"aspect-ratio:0.7089931715821589;width:542px;height:auto\" srcset=\"https:\/\/www.pfarre-stgeorgen.at\/theaterrunde\/wp-content\/uploads\/2026\/01\/Theater2026_Logo-726x1024.webp 726w, https:\/\/www.pfarre-stgeorgen.at\/theaterrunde\/wp-content\/uploads\/2026\/01\/Theater2026_Logo-213x300.webp 213w, https:\/\/www.pfarre-stgeorgen.at\/theaterrunde\/wp-content\/uploads\/2026\/01\/Theater2026_Logo-768x1084.webp 768w, https:\/\/www.pfarre-stgeorgen.at\/theaterrunde\/wp-content\/uploads\/2026\/01\/Theater2026_Logo-1088x1536.webp 1088w, https:\/\/www.pfarre-stgeorgen.at\/theaterrunde\/wp-content\/uploads\/2026\/01\/Theater2026_Logo-1451x2048.webp 1451w, https:\/\/www.pfarre-stgeorgen.at\/theaterrunde\/wp-content\/uploads\/2026\/01\/Theater2026_Logo-1568x2213.webp 1568w, https:\/\/www.pfarre-stgeorgen.at\/theaterrunde\/wp-content\/uploads\/2026\/01\/Theater2026_Logo-scaled.webp 1814w\" sizes=\"auto, (max-width: 726px) 100vw, 726px\" \/><\/figure>\n\n\n\n<p class=\"has-text-align-center has-white-color has-text-color has-link-color wp-elements-dbd83cc6a39b5e203b38ca3b86b40de3\">Ein Schwank in drei Akten von Max Reimann und Otto Schwartz im Pfarrheim St. Georgen an der Stiefing<\/p>\n\n\n\n<p class=\"has-text-align-center has-text-color has-link-color has-large-font-size wp-elements-1222977bf3bc2fbd829c93fed3de70e1\" style=\"color:#b86e3d\"><strong>Unsere Auff\u00fchrungstermine:<\/strong><\/p>\n\n\n\n<p class=\"has-text-align-center\"><strong>Samstag, 7. M\u00e4rz <\/strong>&#8211; 19 Uhr<br><strong>Sonntag, 8. M\u00e4rz<\/strong> &#8211; 16 Uhr<\/p>\n\n\n\n<hr class=\"wp-block-separator has-text-color has-alpha-channel-opacity has-background is-style-twentytwentyone-separator-thick\" style=\"background-color:#ffffff;color:#ffffff\"\/>\n\n\n\n<p class=\"has-text-align-center\"><strong>Samstag, 14. M\u00e4rz <\/strong>&#8211; 19 Uhr<br><strong>Sonntag, 15. M\u00e4rz<\/strong> &#8211; 16 Uhr<\/p>\n\n\n\n<hr class=\"wp-block-separator has-text-color has-alpha-channel-opacity has-background is-style-twentytwentyone-separator-thick\" style=\"background-color:#ffffff;color:#ffffff\"\/>\n\n\n\n<p class=\"has-text-align-center\"><strong>Freitag, 20. M\u00e4rz <\/strong>&#8211; 19 Uhr<br><strong>Samstag, 21. M\u00e4rz<\/strong> &#8211; 19 Uhr<\/p>\n\n\n\n<div class=\"wp-block-cover alignfull is-style-default\" style=\"padding-top:var(--wp--preset--spacing--40);padding-right:var(--wp--preset--spacing--20);padding-bottom:var(--wp--preset--spacing--40);padding-left:var(--wp--preset--spacing--20);min-height:50px;aspect-ratio:unset;\"><span aria-hidden=\"true\" class=\"wp-block-cover__background has-background-dim-100 has-background-dim\" style=\"background-color:#b66e3e\"><\/span><div class=\"wp-block-cover__inner-container is-layout-flow wp-block-cover-is-layout-flow\">\n<p class=\"has-text-align-center has-text-color has-link-color has-large-font-size wp-elements-0f430002e856cbf7949cb8792974b22e\" style=\"color:#37160d\"><strong>Kartenreservierungen<\/strong> bitte telefonisch unter<\/p>\n\n\n\n<p class=\"has-text-align-center has-extra-large-font-size\"><strong>0664 73 456 714<\/strong><\/p>\n\n\n\n<p class=\"has-text-align-center has-text-color has-link-color has-small-font-size wp-elements-398d24d2f6318e9297282b7e0d35b113\" style=\"color:#37160d\"><em>(ab 20. Februar 2026, t\u00e4glich von 18 &#8211; 20 Uhr)<\/em><\/p>\n\n\n\n<figure class=\"wp-block-image size-full is-resized is-style-default\"><img loading=\"lazy\" decoding=\"async\" width=\"800\" height=\"600\" src=\"http:\/\/www.pfarre-stgeorgen.at\/theaterrunde\/wp-content\/uploads\/2024\/01\/saalplan-3.png\" alt=\"Saalplan\" class=\"wp-image-98\" style=\"width:611px;height:auto\" srcset=\"https:\/\/www.pfarre-stgeorgen.at\/theaterrunde\/wp-content\/uploads\/2024\/01\/saalplan-3.png 800w, https:\/\/www.pfarre-stgeorgen.at\/theaterrunde\/wp-content\/uploads\/2024\/01\/saalplan-3-300x225.png 300w, https:\/\/www.pfarre-stgeorgen.at\/theaterrunde\/wp-content\/uploads\/2024\/01\/saalplan-3-768x576.png 768w\" sizes=\"auto, (max-width: 800px) 100vw, 800px\" \/><\/figure>\n<\/div><\/div>\n\n\n\n<p class=\"has-text-align-center has-link-color has-extra-large-font-size wp-elements-a6b40a6ba707fd1e0878b2907e888ffe\"><em>Wir freuen uns auf Ihren Besuch!<\/em><\/p>\n\n\n\n<hr class=\"wp-block-separator has-text-color has-alpha-channel-opacity has-background is-style-twentytwentyone-separator-thick\" style=\"background-color:#b66e3e;color:#b66e3e\"\/>\n\n\n\n<p class=\"has-text-align-center\"><strong>Zum St\u00fcck:<br><\/strong>Pflichtverteidiger Thomas Hannemann l\u00e4sst es sich gut gehen. Er hat eine teure Wohnung mit Seeblick, einen eigenen Butler und unterst\u00fctzt auch seine Klienten immer wieder gro\u00dfz\u00fcgig. Doch f\u00fcr diesen Lebenswandel reicht sein Einkommen hinten und vorne nicht. Zum Gl\u00fcck hat er eine reiche Erbtante, die im entfernten Indien lebt und regelm\u00e4\u00dfig Geld schickt. Damit das Geld immer weiter flie\u00dft, muss Hannemann ganz sch\u00f6n in die Trickkiste greifen und erfindet so eine ganze Familie. Das Spiel geht so lange gut, bis der f\u00e4llige Scheck ausbleibt&#8230;<\/p>\n\n\n\n<hr class=\"wp-block-separator has-text-color has-alpha-channel-opacity has-background is-style-twentytwentyone-separator-thick\" style=\"background-color:#b66e3e;color:#b66e3e\"\/>\n\n\n\n<p class=\"has-text-align-center has-text-color has-link-color has-large-font-size wp-elements-5102854a252d646289e301c6190b9db8\" style=\"color:#b66e3e\"><strong>Auf der B\u00fchne<\/strong><\/p>\n\n\n\n<p class=\"has-text-align-center\"><em>Thomas Hannemann<\/em> (Pflichtverteidiger) &#8211; <strong>Karl Obermeier<\/strong><br><em>Laurenz Nicolin <\/em>(Schauspieler und Freund von Hannemann) &#8211; <strong><strong>Hannes R\u00f6ssler<\/strong><\/strong><br><em>Johan Mahler<\/em> (Hannemanns Butler) &#8211; <strong>Thomas Marchel<\/strong><br><em>Maja Mahler<\/em> (Johans Frau) &#8211; <strong><strong>Andrea Gobly-Heigl<\/strong><\/strong><br><em>Tante Jutta<\/em> (Reiche Erbtante aus Kalkutta) &#8211; <strong>Rosalinde J\u00f6bstl<\/strong><br><em>Julia<\/em> (Freundin von Tante Jutta) &#8211; <strong>Sandra Schnabl<\/strong><br><em>Frederike von Wurzingg<\/em> (&#8222;Obdachlose&#8220;) &#8211; <strong>Ines Unger<\/strong><br><em>Lea Franke<\/em> (Brieftr\u00e4gerin) &#8211; <strong><strong>Bernadette Eckert<\/strong><\/strong><br><em>Jacky Springer<\/em> (&#8222;Heilerin&#8220;) &#8211; <strong>Claudia Ziegler<\/strong><\/p>\n\n\n\n<hr class=\"wp-block-separator has-text-color has-alpha-channel-opacity has-background is-style-twentytwentyone-separator-thick\" style=\"background-color:#b66e3e;color:#b66e3e\"\/>\n\n\n\n<p class=\"has-text-align-center has-text-color has-link-color has-large-font-size wp-elements-896d09cd6e43b5a61bc008371d351c0d\" style=\"color:#b66e3e\"><strong>Hinter der B\u00fchne<\/strong><\/p>\n\n\n\n<p class=\"has-text-align-center\"><em>Regie &#8211; <strong>Peter Hackl<\/strong><\/em><br><em>Souffleuse &#8211; <strong>Sonja Gobly-Heigl<\/strong><\/em><\/p>\n","protected":false},"excerpt":{"rendered":"<p>Die Theaterrunde St. Georgen spielt 2026 f\u00fcr Sie: Ein Schwank in drei Akten von Max Reimann und Otto Schwartz im Pfarrheim St. Georgen an der Stiefing Unsere Auff\u00fchrungstermine: Samstag, 7. M\u00e4rz &#8211; 19 UhrSonntag, 8. M\u00e4rz &#8211; 16 Uhr Samstag, 14. M\u00e4rz &#8211; 19 UhrSonntag, 15. M\u00e4rz &#8211; 16 Uhr Freitag, 20. M\u00e4rz &#8211; 19&hellip; <a class=\"more-link\" href=\"https:\/\/www.pfarre-stgeorgen.at\/theaterrunde\/\"><span class=\"screen-reader-text\">Startseite<\/span> weiterlesen<\/a><\/p>\n","protected":false},"author":1,"featured_media":0,"parent":0,"menu_order":0,"comment_status":"closed","ping_status":"closed","template":"","meta":{"footnotes":""},"class_list":["post-7","page","type-page","status-publish","hentry","entry"],"_links":{"self":[{"href":"https:\/\/www.pfarre-stgeorgen.at\/theaterrunde\/index.php?rest_route=\/wp\/v2\/pages\/7","targetHints":{"allow":["GET"]}}],"collection":[{"href":"https:\/\/www.pfarre-stgeorgen.at\/theaterrunde\/index.php?rest_route=\/wp\/v2\/pages"}],"about":[{"href":"https:\/\/www.pfarre-stgeorgen.at\/theaterrunde\/index.php?rest_route=\/wp\/v2\/types\/page"}],"author":[{"embeddable":true,"href":"https:\/\/www.pfarre-stgeorgen.at\/theaterrunde\/index.php?rest_route=\/wp\/v2\/users\/1"}],"replies":[{"embeddable":true,"href":"https:\/\/www.pfarre-stgeorgen.at\/theaterrunde\/index.php?rest_route=%2Fwp%2Fv2%2Fcomments&post=7"}],"version-history":[{"count":44,"href":"https:\/\/www.pfarre-stgeorgen.at\/theaterrunde\/index.php?rest_route=\/wp\/v2\/pages\/7\/revisions"}],"predecessor-version":[{"id":395,"href":"https:\/\/www.pfarre-stgeorgen.at\/theaterrunde\/index.php?rest_route=\/wp\/v2\/pages\/7\/revisions\/395"}],"wp:attachment":[{"href":"https:\/\/www.pfarre-stgeorgen.at\/theaterrunde\/index.php?rest_route=%2Fwp%2Fv2%2Fmedia&parent=7"}],"curies":[{"name":"wp","href":"https:\/\/api.w.org\/{rel}","templated":true}]}}